1ccc4
In base 13, what is -6 - -6cc6?
6cc0
In base 12, what is a + -227b4?
-227a6
In base 13, what is 463 - 5?
45b
In base 13, what is -4963 - 1?
-4964
In base 6, what is 31444 - 500?
30544
In base 13, what is -645 + -315?
-95a
In base 13, what is -2 - -b3208?
b3206
In base 16, what is -ee3 - 231?
-1114
In base 15, what is -4 + 3193d?
31939
In base 3, what is 222 + 1111120?
1112112
In base 13, what is 80 - -729?
7a9
In base 3, what is 2021 - -2100221?
2110012
In base 16, what is 12 - d67f?
-d66d
In base 13, what is -4 + 18062?
1805b
In base 10, what is -4 + 582463?
582459
In base 2, what is 10 - -11000010001000000?
11000010001000010
In base 7, what is 13 - 11552?
-11536
In base 5, what is -4122 - -441?
-3131
In base 12, what is 2436b - 14?
24357
In base 11, what is 1397627 + 0?
1397627
In base 2, what is -11 + 10010001010010?
10010001001111
In base 4, what is 20233 + 1030?
21323
In base 7, what is -422 + 11023?
10301
In base 14, what is 2d0c - -3?
2d11
In base 2, what is 10011101 - -10000011?
100100000
In base 10, what is -5 - 6365?
-6370
In base 7, what is 331 + 45532?
46163
In base 9, what is 182301 + 5?
182306
In base 9, what is 1251 + -166?
1074
In base 10, what is 49 + 534?
583
In base 2, what is -101011 + -110100011?
-111001110
In base 14, what is 315011 - 4?
31500b
In base 8, what is 0 + -374003?
-374003
In base 3, what is 1101002012 - -10220?
1101020002
In base 2, what is 101011100 - -110100000111?
111001100011
In base 7, what is -31235351 - 0?
-31235351
In base 15, what is 4 - -2bd1d?
2bd22
In base 8, what is 7747525 - 5?
7747520
In base 3, what is 1122000000 + -2?
1121222221
In base 12, what is -13a60 + -2?
-13a62
In base 5, what is 11012 - -44?
11111
In base 15, what is 422a4 + -5?
4229e
In base 13, what is b - -7290?
729b
In base 15, what is -8 - -7d2a?
7d22
In base 8, what is -5542 + 2?
-5540
In base 2, what is -11000100010001001 - 10001?
-11000100010011010
In base 7, what is 4 - -12011?
12015
In base 15, what is 104442 - -5?
104447
In base 6, what is -514 - 1215?
-2133
In base 5, what is -30424424 - -1?
-30424423
In base 2, what is -10100111101 + 11000100000?
11100011
In base 4, what is -20032 - 10000?
-30032
In base 13, what is -159a - -2?
-1598
In base 14, what is 69ac + 2?
69b0
In base 11, what is -1 - -441985?
441984
In base 13, what is 777 + 48?
7c2
In base 6, what is 312123 - -1?
312124
In base 12, what is 599 + -165?
434
In base 2, what is 10111111011 - 10000?
10111101011
In base 15, what is 64e - b86?
-537
In base 4, what is 123221332 - -3?
123222001
In base 3, what is -200001 + -21021000?
-21221001
In base 14, what is b9 - -2db8?
3093
In base 14, what is 29 - -a7a?
aa5
In base 5, what is 3 - -14011?
14014
In base 13, what is 1928 + -274?
1684
In base 10, what is 378 - -27?
405
In base 14, what is -2 - 33874?
-33876
In base 5, what is -13401200 - 0?
-13401200
In base 7, what is -106436 + 0?
-106436
In base 9, what is 45448 + 10?
45458
In base 8, what is -112 - 3252?
-3364
In base 2, what is 11101011011 - -100010?
11101111101
In base 11, what is -33263 - 12?
-33275
In base 14, what is 3ac - -159?
527
In base 6, what is 344 + 140512?
141300
In base 13, what is 23 + -341c?
-33c9
In base 11, what is -8 - -28940?
28933
In base 15, what is -2d3a2 - 4?
-2d3a6
In base 12, what is -2ab69 - -2?
-2ab67
In base 2, what is 11110 - 10101?
1001
In base 9, what is 12766 + 4?
12771
In base 14, what is -116b + 6?
-1165
In base 16, what is 1a + -9db?
-9c1
In base 16, what is -253ef + 5?
-253ea
In base 15, what is 2 - -468?
46a
In base 2, what is 10110010100 - -100?
10110011000
In base 9, what is 0 - 25768?
-25768
In base 9, what is -15 + 223?
207
In base 16, what is -13 - 34521?
-34534
In base 16, what is 1 - -3f49?
3f4a
In base 9, what is -772527 - 5?
-772533
In base 2, what is -1110001111 - 1110?
-1110011101
In base 8, what is -11061576 + 2?
-11061574
In base 3, what is 1100211 - 100?
1100111
In base 9, what is 71 - 36333?
-36252
In base 16, what is 2d3 - -3d?
310
In base 16, what is -1b78 + 3?
-1b75
In base 5, what is 424323 + -20?
424303
In base 4, what is 10 + 2123202212?
2123202222
In base 10, what is -6440 - 0?
-6440
In base 14, what is -5 + -22aa?
-22b1
In base 8, what is 2012 - 625?
1165
In base 3, what is 111111120 - -2?
111111122
In base 5, what is -42411 + 4?
-42402
In base 2, what is 11 + -100110001111001011000?
-100110001111001010101
In base 7, what is -2 + 216445?
216443
In base 11, what is 30506 - 9?
304a8
In base 2, what is 101010011010100110001 + 0?
101010011010100110001
In base 16, what is 19e + -6?
198
In base 10, what is 1880 - 6?
1874
In base 7, what is -151110 - 250?
-151360
In base 2, what is -11 + -1000101111001000?
-1000101111001011
In base 15, what is -3d + -1c6?
-214
In base 8, what is 222566 + 13?
222601
In base 2, what is 11 + 1110001011011011111?
1110001011011100010
In base 14, what is 679 + -29?
650
In base 7, what is 40142 - 50?
40062
In base 16, what is -37 - 3025?
-305c
In base 9, what is -20 - -203067?
203047
In base 3, what is -12020011 + -1111?
-12021122
In base 5, what is 1413 - -222?
2140
In base 13, what is -8 + 1580b?
15803
In base 12, what is -aa0a80 + -4?
-aa0a84
In base 2, what is -1001 - -1010010011001111?
1010010011000110
In base 10, what is -69877 + 17?
-69860
In base 16, what is -6feeb + -5?
-6fef0
In base 8, what is -52 - 3323?
-3375
In base 14, what is 12 + 2b51?
2b63
In base 2, what is -10 - -111001101011000?
111001101010110
In base 3, what is -2211 + 201021?
121110
In base 10, what is -89458 - -10?
-89448
In base 14, what is -139b3b + -2?
-139b3d
In base 7, what is 506 + 2654?
3463
In base 7, what is -33 + -32542?
-32605
In base 3, what is -10 - -1011212110?
1011212100
In base 4, what is 21 - -1120?
1201
In base 10, what is 3 - -5313?
5316
In base 9, what is -3 - -1368680?
1368676
In base 9, what is -6110 + 22?
-6077
In base 11, what is -12 + -a83?
-a95
In base 15, what is 1 + 71e6?
71e7
In base 14, what is -3 - -2776?
2773
In base 11, what is -10934 + 16?
-10919
In base 6, what is -13 + -1225311?
-1225324
In base 2, what is 111010110111 + -1011110010?
101111000101
In base 3, what is 22 + -2012221?
-2012122
In base 15, what is 16 + -42?
-2b
In base 6, what is 11533544 + 1?
11533545
In base 5, what is 314 + -201?
113
In base 4, what is 11 - 30220123?
-30220112
In base 8, what is -100325 - 3?
-100330
In base 13, what is -1001b8 - 5?
-1001c0
In base 7, what is -4015365 - 2?
-4015400
In base 6, what is -20504 + 10?
-20454
In base 14, what is 2 - 112d8c?
-112d8a
In base 11, what is -14a70 + -7?
-14a77
In base 14, what is -b + 2a530?
2a523
In base 10, what is 4132 + 2?
4134
In base 15, what is 4 - 567d?
-5679
In base 11, what is 77857 - -5?
77861
In base 11, what is 39 + -113?
-85
In base 8, what is -56 + -110?
-166
In base 12, what is 888 + -14?
874
In base 9, what is -6 + -17255?
-17262
In base 6, what is -1 + -1203530?
-1203531
In base 12, what is -15a768 - -3?
-15a765
In base 9, what is -1 - 855?
-856
In base 14, what is -d82 + ac?
-cb4
In base 12, what is -20b - 632?
-841
In base 8, what is -442140 - 4?
-442144
In base 9, what is -2 - 44835?
-44837
In base 9, what is -70 - 46378?
-46458
In base 5, what is -30400 + 2201?
-23144
In base 5, what is 4 - -231112?
231121
In base 15, what is 7a0e - -1?
7a10
In base 4, what is 210103 + -1111?
202332
In base 15, what is 8 + 3c12?
3c1a
In base 11, what is -51a + -59?
-578
In base 2, what is 1011000110 + -10110111011?
-1011110101
In base 7, what is -642 + -166?
-1141
In base 11, what is -476 + -693?
-1059
In base 16, what is -19139 + 3?
-19136
In base 7, what is 16 + -634605?
-634556
In base 6, what is 304 - 451220?
-450512
In base 3, what is 212 + -120020002?
-120012020
In base 6, what is 3543 + -35523?
-31540
In base 2, what is 11 + -10110100100?
-10110100001
In base 6, what is -320 + -555535?
-1000255
In base 9, what is 307160 + -5?
307154
In base 12, what is 13 + -943?
-930
In base 15, what is 10d8d - 1?
10d8c
In base 8, what is -10 + 472612?
472602
In base 15, what is 14890 + 1?
14891
In base 6, what is 1215 - 1010?
205
In base 3, what is -10 + 111011121?
111011111
In base 8, what is 4 + -210751?
-210745
In base 6, what is -41343 - -11?
-41332
In base 12, what is -4bab + 192?
-4a19
In base 14, what is 9 - 119?
-110
In base 12, what is 5 + -